a, 51 = 5*j + 5*a + 6. Suppose h - 2*x + 16 = -x, -4*h - 3*x = 36. Calculate the remainder when ((-8)/h)/(j/42) is divided by 3.
1
Let l be 4/2 + 3*36. Suppose 0 = -3*w + 8*w - l. Let n = 21 - -22. What is the remainder when n is divided by w?
21
Suppose -v + 10 + 5 = 0. Calculate the remainder when v is divided by 6.
3
Let h = 10 + 26. Let a = h - 11. What is the remainder when a is divided by 14?
11
Let h = 3 + 2. Suppose a - 12 = 5*a. Let i = h - a. What is the remainder when 14 is divided by i?
6
Let t = 34 - 17. Suppose 2*j - 3*c - t = 0, 3*j - 13 = c + c. What is the remainder when 3 is divided by j?
0
Suppose 2*z - 18 = -0*z - 5*g, 22 = 3*z + 5*g. Calculate the remainder when 7 + (9 - 4 - 1) is divided by (z/10)/((-2)/(-30)).
5
Let h be (-6)/(-3)*(-6)/(-4). Suppose -6*n - 127 = -4*w - n, -h*w + 2*n + 90 = 0. What is the remainder when 11 is divided by w/6 - (-12)/(-18)?
3
Suppose -5*v + 5*z + 60 = 0, 4*v + 5*z = -v + 20. Suppose 1 = -b - v. What is the remainder when -102*((-6)/b - 1) is divided by 18?
16
Let t = 7 + 0. Suppose -w = -5*x - 7, 3*x - 4*w = t*x + 20. Calculate the remainder when (1/x)/((-1)/98) is divided by 17.
15
Let g = -7 - -7. Suppose 14*r - 15*r + 11 = g. Calculate the remainder when 30 is divided by r.
8
Let i be (-8)/(-4) + 31*1. Suppose -2*w + 5*d = 2*w - 132, w - d = i. What is the remainder when w is divided by 17?
16
Let t(q) = q + 6. Let o be t(-6). Calculate the remainder when (-1 - -39)/(2 - o) is divided by 7.
5
Let o(f) = 3*f**3 - 14*f**2 - 2*f - 23. Calculate the remainder when o(6) is divided by 28.
25
Suppose 0 = g - 5, -2*q + 8*g = 3*g - 5. Suppose 0 = -5*y + 360 - 75. What is the remainder when y is divided by q?
12
What is the remainder when (1 - 58)*(-8 + 7) is divided by 30?
27
Let q = -19 + 35. What is the remainder when 62 is divided by q?
14
Let g = -8 + 8. Suppose 3*m - 15 = -g*m. Suppose 3*t = 9, -m*x + 89 = -2*t + 5*t. Calculate the remainder when 31 is divided by x.
15
Suppose 3*i - 41 = 10. What is the remainder when 0 + i + (2 - 1) is divided by 10?
8
Let k = -7 - -11. Suppose k*t = 27 + 9. What is the remainder when 24 is divided by t?
6
Let n(j) = 7*j. Let r be n(-1). Let x(u) = -u**3 - 6*u**2 + 6*u - 5. Let l be x(r). Suppose -56 = -6*q + l*q. Calculate the remainder when 40 is divided by q.
12
Let r = 42 + -29. Calculate the remainder when 22 is divided by r.
9
Suppose -2*i - 9*i = -968. What is the remainder when i is divided by 45?
43
Let k = -7 - -7. Let f be (k - -1) + (2 - 109). Let c = f - -155. What is the remainder when c is divided by 13?
10
Suppose 3*l - 75 = -2*l. What is the remainder when 460/8 + 1/2 is divided by l?
13
Let z(w) be the second derivative of -5/2*w**3 + 0 - 1/2*w**2 - w. What is the remainder when z(-1) is divided by 8?
6
Suppose -45 = -7*p + 130. Calculate the remainder when 39 is divided by p.
14
Suppose -2*g - 2*b - 3*b = -103, 0 = 2*g - 3*b - 63. Calculate the remainder when 74 is divided by g.
35
Suppose -2*b + 7*b = 50. Calculate the remainder when 47 is divided by b.
7
Suppose -5*q - 2*p + 4*p = -36, 4*q = -5*p + 42. Calculate the remainder when 15 is divided by q.
7
Suppose 5*a + 0*a - 130 = 0. Let l be 15/(a/(-16) + 2). Suppose -k = -5*k + l. What is the remainder when 19 is divided by k?
9
Let h = -24 + 35. Let l be (-1)/(-4) - 342/(-8). Suppose 0 = -5*c - 3*d + 170, -3*d - l = 3*c - 151. What is the remainder when c is divided by h?
9
Calculate the remainder when (-5)/((-10)/(-52))*12/(-8) is divided by 14.
11
Let o = -16 - -27. Suppose -4 = j + 2*s, 2*j + j = -2*s. Suppose -c + 4*k - 12 = -0*c, 4*c = j*k + 8. Calculate the remainder when o is divided by c.
3
Suppose 120 = -q + 6*q. Calculate the remainder when q is divided by 14.
10
Suppose s + 7*t + 3 = 4*t, t - 5 = -s. Let b = s - 29. Calculate the remainder when 22 is divided by (16/3)/(b/(-30)).
6
Let a = -20 - -16. Suppose -3*f + 2 + 10 = 0. Calculate the remainder when ((-2)/a)/(2/56) is divided by f.
2
Let r(p) be the third derivative of 1/6*p**3 + 0*p**4 + 2*p**2 + 0 + 1/5*p**5 + 0*p. Calculate the remainder when r(-1) is divided by 5.
3
Let y = 32 + -14. What is the remainder when 71 is divided by y?
17
Let d = -609 + 330. Calculate the remainder when 121 is divided by d/(-9)*(1 - 0).
28
Let c = 59 + -37. Suppose c = 4*h + 6. Suppose 0 = -3*j + 12 + 18. What is the remainder when j is divided by h?
2
Let k(t) be the first derivative of -t**2/2 + 6*t - 1. Suppose 0 = 2*h - 11 + 3. Calculate the remainder when k(0) is divided by h.
2
Let m = 24 + 1. Let q = 4 - 5. Calculate the remainder when m is divided by (13/(-3))/(q/3).
12
Suppose 5*l - 3*l = -5*m + 349, -m + 3*l + 63 = 0. Let a = -2 - -20. What is the remainder when m is divided by a?
15
Let w = 17 + 18. What is the remainder when w is divided by 19?
16
Let q = -6 + 12. What is the remainder when 11 is divided by q?
5
Suppose 0 = -0*r + 5*r. Suppose 3*u + r*u = 60. What is the remainder when u is divided by 11?
9
Let m = -2 + 19. What is the remainder when 114 is divided by m?
12
Let v(w) = w**3 - 3*w**2 - 4*w + 4. Let x be v(4). Suppose 2*u - x - 14 = 0. Let c = 43 + -18. Calculate the remainder when c is divided by u.
7
Let b be 4/10 - (-168)/30. What is the remainder when 39 is divided by 82/b + 2/6?
11
Let t(o) = -o**2 - 6*o + 5. Let y be t(-5). Suppose -5*z - y = -2*l - 82, 0 = -5*z - 5*l + 65. What is the remainder when 41 is divided by z?
13
Let f = -2 - -4. Suppose -f*v = -60 + 2. Let m = v - 17. What is the remainder when 34 is divided by m?
10
Let s(y) = -y**2 - 6*y + 1. Let f be s(-6). Suppose 5*c = 4*t - 32, 2*c - 9 = -t - f. Calculate the remainder when 22 is divided by t.
6
Suppose -4*n + 23 + 37 = 0. Calculate the remainder when 57 is divided by n.
12
Let u be (0 - 3/6)*-56. What is the remainder when 1*(2 + u - 1) is divided by 15/(-2)*8/(-6)?
9
Let h(s) = 2*s**2 - 17*s - 6. Suppose -3*f + 1 = -5*q - 16, 0 = 4*f - 4*q - 20. What is the remainder when f is divided by h(9)?
1
Let t(f) = f - 8. Let l be t(13). Suppose -52 = -l*m - 0*q - 3*q, -4*q + 18 = 2*m. What is the remainder when 30 is divided by m?
8
Suppose 0 = 5*d - 90 - 80. What is the remainder when d is divided by 9?
7
Let s be (17 + -3)*2/4. Suppose 3*x - 2*w - 17 = 0, -w = -x - 4*x + 19. Suppose -x = d - s. What is the remainder when d is divided by 3?
1
Suppose -9*g - 189 = -12*g. What is the remainder when g is divided by 2/8 + 126/8?
15
Let v(s) = -s**2 + 4*s - 8. Let m(a) = 1. Let g(x) = -3*m(x) - v(x). Let l be g(4). Let q = 3 + l. What is the remainder when 14 is divided by q?
6
Let m = -31 + 36. What is the remainder when m is divided by 2?
1
What is the remainder when 167 is divided by ((-9)/(-6))/(-6*3/(-96))?
7
Let t = 11 - 8. Let y be 12/(2/6*t). Calculate the remainder when 3 is divided by 1/(-4) - (-27)/y.
1
Suppose 2*o + 0*o = 52. What is the remainder when 51 is divided by o?
25
Let r(i) = -i - 2*i**2 - 2*i**3 + 8*i + 2*i**2 + i**2 + 4. What is the remainder when r(-3) is divided by 8?
6
Let s(u) = -3*u - 17. What is the remainder when 13 is divided by s(-7)?
1
Calculate the remainder when 137 is divided by 2223/63 - 6/21.
32
Let r = 56 + 7. Calculate the remainder when r is divided by 22.
19
Suppose -5*u = -3*w - 100, -2*u + 0*u = -4*w - 54. Suppose z = 6*z - 335. What is the remainder when z is divided by u?
16
Let v(o) = -o + 24. Calculate the remainder when 144 is divided by v(-13).
33
Let t(s) = s + 2. Let q be t(0). Suppose 0*i = -q*i + 4*r + 20, 5*i - 15 = 3*r. What is the remainder when (i + 6)*10/6 is divided by 4?
2
Let z(o) = 80*o**2 - o. Let f be z(-1). Suppose f = 5*c - 89. Calculate the remainder when c is divided by 12.
10
Suppose 4*i + 17 = -5*g + 49, -3*g + 3*i = -30. Suppose -3*l + 5*c + 15 = -2, -3*l = -2*c - 32. What is the remainder when l is divided by g?
6
Let u = 3 + 0. What is the remainder when 14 is divided by u?
2
Let j(c) = c**3 - 8*c**2 - 9*c + 22. Calculate the remainder when (5*-1)/((-3)/51) is divided by j(9).
19
Let f = 47 + 122. Calculate the remainder when f is divided by 34.
33
What is the remainder when (5/(-1) - 271)/(-2) is divided by 7?
5
Let a(q) = q**3 + 15*q**2 - 15*q + 19. What is the remainder when a(-16) is divided by 2?
1
Suppose 5*r = -3*z + 529 - 6, -z - 4*r + 172 = 0. Suppose -4*p + 5*j =